on factor of 12 and c?
3
Let f = -16 - -30. Let h(k) = -2*k**3 - 53*k**2 + 23*k + 4. Let p be h(-27). Calculate the greatest common factor of f and p.
14
Suppose -24*b = -25*b + 4*q + 904, b - q - 886 = 0. What is the highest common divisor of 256 and b?
16
Suppose -43*d - 43*d + 25472 = 42*d. What is the highest common factor of 8 and d?
1
Let z(p) = 10*p**2 - 373*p + 57. Let d be z(38). What is the highest common factor of 1121 and d?
19
Let j be ((39 - -1)/10 + 0)*(-705)/(-4). Let c(u) = 15*u**3 - u**2 + u. Let y be c(1). What is the highest common factor of j and y?
15
Let i(w) = 66*w - 1422. Let p be i(29). Calculate the highest common divisor of p and 3116.
164
Let y be (-3)/(-4) + 4/16. Let x be (67 - 14) + 1 + y. What is the greatest common factor of x and 5?
5
Let s = -15351 + 16248. Calculate the highest common divisor of s and 598.
299
Let r be (-464)/(-2 - 2) + 5. Suppose 2*b - r = 3*h - 4*h, 5*b - 3*h - 297 = 0. What is the highest common divisor of b and 50?
10
Let b be 1667/4 + 0 + (-370)/(-296). Suppose 2*z + 4*s = 836, z + 0*z - s - b = 0. Calculate the greatest common divisor of z and 114.
38
Suppose -f + 127 = 2*u, u + 5*f - 263 = -3*u. Let l(z) = -36*z**2 + 298*z + 4. Let m be l(6). Calculate the greatest common factor of m and u.
62
Let w be 1*((-40)/4)/(-5). Let l = w - 14. Let c be (-16)/(-24) - 148/l. What is the greatest common factor of 1 and c?
1
Let f = -112 + -347. Let a be f/(-15) + 21/(-35). Let z be (-15*2)/(9/(-36)). Calculate the greatest common factor of a and z.
30
Let p be -91*(13 - 8)*(-12)/(-14). Let y = 411 + p. Calculate the greatest common factor of y and 6.
3
Suppose 12*x + 15 = -9. Let j be ((-82)/x - 3) + -7 + 5. What is the greatest common divisor of j and 180?
36
Let z = 233 + -205. Suppose 6*w = z*w - 88. Let x(d) = d**2 + d + 2. Let s be x(-2). Calculate the greatest common factor of w and s.
4
Let t = -2500 + 3795. Let a = t + -759. What is the highest common divisor of 67 and a?
67
Let i(q) = 13*q - 100. Let z be i(11). Let b(m) = 3*m - 94. Let t be b(z). Calculate the greatest common factor of 595 and t.
35
Let d be 1562/11 + (15 - 20). Calculate the highest common divisor of d and 5.
1
Suppose -257 - 1043 = -4*y. Let m be ((-104)/(-10))/((-462)/(-385))*(8 + -5). What is the highest common factor of m and y?
13
Let m(g) = 14*g**2 + 117*g - 3. Let r be m(-9). What is the greatest common factor of 104 and r?
26
Suppose 1399 = 70*y - 281. What is the greatest common divisor of y and 2120?
8
Suppose 12*a - 16*a + 2*u = -346, -a - 4*u + 109 = 0. What is the greatest common divisor of 5251 and a?
89
Suppose 797 = 7*h - 15. Let r = h + -105. What is the greatest common factor of 77 and r?
11
Let n(k) = 8*k**3 + 3*k**2 - 61*k + 358. Let x be n(7). What is the highest common divisor of 34 and x?
34
Let c(n) = -11*n + 4. Let r(d) = d**2 + 20*d - 22. Let k be r(-21). Let g be c(k). Let p be (-20)/(-6)*18/4. What is the greatest common factor of g and p?
15
Suppose -4*m + 111 = -41. Let v = 1275 - 1263. Let y = m - v. Calculate the greatest common factor of y and 13.
13
Suppose 4*u + 17 = 85. Let p(t) = 2*t**3 + 15*t**2 + 4*t - 22. Let m be p(-8). Let o = m + 305. What is the greatest common factor of u and o?
17
Let p be 781712/72 + 6 - ((-2)/(-9))/2. Calculate the greatest common divisor of p and 17.
17
Let g(l) = 52*l**2 + 39*l + 174. Let a be g(-4). Calculate the greatest common divisor of a and 1020.
170
Suppose -4*u = r - 347, -12*u = -16*u + 4*r + 332. What is the highest common factor of 6579 and u?
43
Let v = 12854 - 12104. What is the greatest common factor of 2375 and v?
125
Let y be (-11)/((-11)/2)*(-30)/4. Let p be (-3)/y + (-58)/(-10) + 3. Let i = -8 - -17. Calculate the greatest common factor of i and p.
9
Suppose 5*h = -g + 4502, 5*g - 788 = 2*h - 2578. What is the highest common factor of h and 1575?
225
Let a(w) = -219*w + 1309. Let l be a(0). Calculate the greatest common factor of l and 693.
77
Let h = 826 + -417. Suppose 3*y - h = 5*q, -q + 278 + 12 = 2*y. Calculate the highest common factor of y and 52.
13
Suppose -4*f + 5*n + 846 = 0, -3*f = -0*f - 4*n - 635. What is the highest common divisor of 304 and f?
19
Let q be (750/140 - (-2)/14)*2. Let n be 70 - (q + (-25)/5). Calculate the highest common divisor of 48 and n.
16
Let v be (51/(-68))/(52629/26316 - 2). Calculate the highest common divisor of v and 153.
153
Let g(a) = -98*a + 189. Let u(p) = -49*p + 95. Let z(y) = 4*g(y) - 9*u(y). Let r be z(6). Calculate the highest common factor of r and 260.
65
Suppose 3*m + 8 = 5*m. Let j be (2/(-6))/(m/(-120)). Let w(g) = 28*g - 278. Let y be w(11). Calculate the highest common divisor of j and y.
10
Let f be (-1)/(0 - -1)*-170. Let x = 253329 + -253261. What is the greatest common divisor of x and f?
34
Let d(y) = y**3 - 24*y**2 + 23*y + 1. Let n be d(23). Suppose -5*k - b = -100, n = -4*b + 21. What is the greatest common factor of 437 and k?
19
Suppose -5*l = -5*b - 620, 4*l - 2*l = -4*b + 224. Suppose 0 = 2*y + y - 0*y. Suppose y = 8*u - l - 16. What is the greatest common divisor of u and 136?
17
Let c = 206 + -144. Let x = 7502 - 7254. What is the highest common divisor of c and x?
62
Suppose 0 = -5*a - 7*d + 4*d + 9999, a + 2*d - 2004 = 0. Suppose 0 = -4*g - a + 5038. Calculate the highest common factor of g and 95.
95
Let p be 1004/14 + (-640)/(-2240). What is the highest common divisor of p and 3084?
12
Let w(j) = 25*j + 62. Let v be w(12). Let m = v + -250. Calculate the greatest common factor of 56 and m.
56
Let z be 76/(-1026) - 10/(-27)*1099/14. Calculate the highest common divisor of 3277 and z.
29
Suppose -3*l - 26*j + 24*j - 1354 = 0, 0 = -5*l + 2*j - 2278. Let m = l + 525. What is the greatest common divisor of 71 and m?
71
Let y(d) = 25*d**2 - 396*d + 23. Let h be y(16). What is the highest common divisor of h and 9483?
87
Let u(i) = -7*i + 92. Let z be u(14). Let f be (-3)/z*(31 + 3) + 1. Calculate the highest common factor of 171 and f.
9
Suppose 3 + 12 = 5*v. Suppose -5*x - 5*g + g + 33 = 0, x - 15 = -5*g. Suppose v*z + 160 = x*z. Calculate the greatest common divisor of 10 and z.
10
Let x = -770 - -1310. Calculate the highest common divisor of x and 60.
60
Suppose 108 - 296 = 4*c. Let d = c - -190. Suppose 46*s = 43*s + 39. What is the highest common divisor of d and s?
13
Let p be (-1)/(-7) - (13100/28)/(-1). Let b = -17 + 34. Let h = 69 - b. What is the greatest common divisor of h and p?
52
Let m be ((-10)/4 + 1 - (-14 - -13))*-4. What is the highest common factor of m and 239?
1
Let y(s) = s**3 + 7*s**2 + 3*s + 8. Let b = 93 - 99. Let z be y(b). Calculate the highest common factor of 78 and z.
26
Suppose 5*i + 9*y = 5*y + 3052, -5*y - 2458 = -4*i. Suppose -4*z = d - 20, z = -0*z + 2. Calculate the greatest common divisor of i and d.
12
Let a be 8/(200/85) + (-8)/20. What is the highest common divisor of 192 and a?
3
Let b = -517 - -2037. Suppose b = -5*c + 45*c. Let d be 5/(-1)*38/(-5). What is the greatest common factor of c and d?
38
Suppose 4*l - 82 = -o, -190 + 75 = -5*l + 5*o. Calculate the highest common factor of l and 2765.
7
Let a be 1905/(-6)*(-3 - -1). Let n = a + -551. What is the greatest common factor of 308 and n?
28
Let f = -3487 - -3499. Calculate the greatest common factor of f and 162.
6
Suppose 6 = 4*r + 14. Let c = r - -59. What is the greatest common factor of 285 and c?
57
Let f(y) = -559*y - 3303. Let u be f(-6). Suppose -2*v + 47 = -191. What is the greatest common factor of u and v?
17
Suppose -4*j + 36*t + 1413 = 39*t, -1050 = -3*j + t. What is the greatest common divisor of j and 621?
27
Let i = 22281 + -22226. Calculate the greatest common divisor of i and 297.
11
Let y = -11 - 28. Let x be 830/8 - (3 + y/12). What is the highest common factor of x and 8?
8
Let g(s) = 98*s - 6402. Let n be g(87). Calculate the highest common divisor of 396 and n.
36
Let h(u) = -u**3 - 46*u**2 - 3*u - 39. Let g be h(-46). What is the highest common divisor of g and 374?
11
Let o be -2 - -3102 - (183 - 197). Calculate the highest common divisor of 126 and o.
18
Let z(w) = 6*w**3 + 69*w**2 - 39*w - 25. Let d be z(-12). Calculate the greatest common divisor of 57 and d.
1
Let z = -5 + 9. Suppose -5*o - z*u + 54 = -3*o, 2*o + 5*u - 54 = 0. Suppose -